{"id":715,"date":"2013-08-29T16:36:07","date_gmt":"2013-08-29T16:36:07","guid":{"rendered":"https:\/\/www.ticketrio.com.br\/site\/?page_id=715"},"modified":"2026-04-28T17:03:09","modified_gmt":"2026-04-28T17:03:09","slug":"ordem-do-desfile-sambodromo-rio","status":"publish","type":"page","link":"https:\/\/www.ticketrio.com.br\/site\/ingressos-carnaval-sambodromo-rj\/ordem-do-desfile-sambodromo-rio\/","title":{"rendered":"Ordem dos Desfiles CARNAVAL 2027"},"content":{"rendered":"<div class=\"col-sm-9\">\r\n<p><span style=\"color: #993366;\"><strong><span style=\"color: #000000;\">DESFILES DAS ESCOLAS DE SAMBA DO RIO DE JANEIRO SAMBODROMO<\/span><\/strong><\/span><\/p>\r\n<p><strong><span style=\"color: #333399;\">DESFILE DE SEXTA SERIE OURO 05\/02\/2027<\/span><\/strong><br>In\u00edcio: 21:00h&nbsp;<br>1 \u2013 SAO CLEMENTE<br>2 \u2013 JACAREZINHO<br>3 \u2013 PORTO DA PEDRA<br>4 \u2013 VIGARIO GERAL<br>5 \u2013 NITEROI<br>6 \u2013 UNIAO DA ILHA<br>7 \u2013 UNIDOS DA PONTE<br>8 \u2013 UNIDOS DE BANGU<\/p>\r\n<p><span style=\"color: #ff6600;\"><strong>DESFILE DE SABADO SERIE OURO 06\/02\/2027<\/strong>&nbsp;<\/span><br>In\u00edcio: 21:00h&nbsp;<br>1 \u2013 SANTA CRUZ<br>2 \u2013 INOCENTES<br>3 \u2013 ESTACIO DE SA<br>4 \u2013 PADRE MIGUEL<br>5 \u2013 ARRANCO<br>6 \u2013 IMPERIO SERRANO<br>7 \u2013 EM CIMA DA HORA<br>8 \u2013 BOTAFOGO<br>9 \u2013 PARQUE ACARI<\/p>\r\n<p><span style=\"color: #ff0000;\"><strong>DESFILE DE DOMINGO GRUPO ESPECIAL 07\/02\/2027<\/strong><\/span><br>In\u00edcio: 22:00h&nbsp;<br>1 \u2013 Maric\u00e1<br>2 \u2013 Beija-Flor<br>3 \u2013 Tuiuti<br>4 \u2013 Vila Isabel<\/p>\r\n<p><span style=\"color: #008000;\"><strong>DESFILE DE SEGUNDA GRUPO ESPECIAL 08\/02\/2027<\/strong><\/span><br>In\u00edcio: 22:00h&nbsp;<br>1 \u2013 Mocidade<br>2 \u2013 Tijuca<br>3 \u2013 Salgueiro<br>4 \u2013 Imperatriz<\/p>\r\n<p><span style=\"color: #0000ff;\"><strong>DESFILE DE TERCA GRUPO ESPEICAL 09\/02\/2027<\/strong><\/span><br>In\u00edcio: 22:00h&nbsp;<br>1 \u2013 Portela<br>2 \u2013 Viradouro<br>3 \u2013 Grande Rio<br>4 \u2013 Mangueira<\/p>\r\n<\/div>\r\n<p><!--more--><\/p>\r\n<div class=\"col-sm-3\">\r\n<div id=\"text-11\" class=\"sidebar-wrapper widget_text\">\r\n<div class=\"sidebar-title\">\r\n<h3>Our On-line INTERNATIONAL store !<\/h3>\r\n<\/div>\r\n<div class=\"textwidget\"><center><a href=\"https:\/\/store.ticketrio.com.br\/\"><img decoding=\"async\" src=\"https:\/\/riocarnaval-ticketrio.com\/\/wp-content\/uploads\/2017\/11\/BuyHere-150x150.jpg\"><\/a><\/center><\/div>\r\n<\/div>\r\n<div id=\"text-6\" class=\"sidebar-wrapper widget_text\">\r\n<div class=\"sidebar-title\">\r\n<h3>&nbsp;<\/h3>\r\n<\/div>\r\n<div class=\"textwidget\">\r\n<p><iframe title=\"YouTube video player\" src=\"https:\/\/www.youtube.com\/embed\/1buKqI1YBXs\" frameborder=\"0\" allowfullscreen=\"allowfullscreen\" data-mce-fragment=\"1\"><\/iframe><\/p>\r\n<\/div>\r\n<\/div>\r\n<div id=\"text-7\" class=\"sidebar-wrapper widget_text\">\r\n<div class=\"sidebar-title\">\r\n<h3>Video \u2013 Rio Carnival Super VIP Covered Box Tickets<\/h3>\r\n<\/div>\r\n<div class=\"textwidget\"><iframe src=\"https:\/\/www.youtube.com\/embed\/iApTAnu9-ho\" frameborder=\"0\" allowfullscreen=\"allowfullscreen\" data-mce-fragment=\"1\"><\/iframe><\/div>\r\n<\/div>\r\n<div id=\"text-12\" class=\"sidebar-wrapper widget_text\">\r\n<div class=\"sidebar-title\">\r\n<h3>&nbsp;<\/h3>\r\n<\/div>\r\n<div class=\"textwidget\">&nbsp;<\/div>\r\n<\/div>\r\n<\/div>\r\n<h4>&nbsp;<\/h4>\r\n\r\n<p>&nbsp;<\/p>\r\n","protected":false},"excerpt":{"rendered":"<p>DESFILES DAS ESCOLAS DE SAMBA DO RIO DE JANEIRO SAMBODROMO DESFILE DE SEXTA SERIE OURO 05\/02\/2027In\u00edcio: 21:00h&nbsp;1 \u2013 SAO CLEMENTE2 \u2013 JACAREZINHO3 \u2013 PORTO DA PEDRA4 \u2013 VIGARIO GERAL5 \u2013 NITEROI6 \u2013 UNIAO DA ILHA7 \u2013 UNIDOS DA PONTE8 \u2013 UNIDOS DE BANGU DESFILE DE SABADO SERIE OURO 06\/02\/2027&nbsp;In\u00edcio: 21:00h&nbsp;1 \u2013 SANTA CRUZ2 \u2013 INOCENTES3 [&hellip;]<\/p>\n","protected":false},"author":1,"featured_media":0,"parent":147,"menu_order":4,"comment_status":"closed","ping_status":"closed","template":"page-full.php","meta":{"ngg_post_thumbnail":0,"footnotes":""},"class_list":["post-715","page","type-page","status-publish","hentry"],"yoast_head":"<!-- This site is optimized with the Yoast SEO plugin v25.9 - https:\/\/yoast.com\/wordpress\/plugins\/seo\/ -->\n<title>Ordem dos Desfiles CARNAVAL 2027 - Ticket Rio - Billets Carnaval Rio, Karneval Rio de Janeiro Tickets, Tickets for Rio Carnival Sambadrome, Boletos Carnaval Rio, Entradas Carnaval Rio Samb\u00f3dromo<\/title>\n<meta name=\"description\" content=\"rio carnival sambadrome tickets. Rio Carnaval Samb\u00f3dromo 2018. Rio Carnaval Entradas Samb\u00f3dromo. Rio Parade Tickets. Rio Carnaval billets. Rio karneval tickets. Rio carnavales biglietti.\" \/>\n<meta name=\"robots\" content=\"index, follow, max-snippet:-1, max-image-preview:large, max-video-preview:-1\" \/>\n<link rel=\"canonical\" href=\"https:\/\/www.ticketrio.com.br\/site\/ingressos-carnaval-sambodromo-rj\/ordem-do-desfile-sambodromo-rio\/\" \/>\n<meta property=\"og:locale\" content=\"pt_BR\" \/>\n<meta property=\"og:type\" content=\"article\" \/>\n<meta property=\"og:title\" content=\"Ordem dos Desfiles CARNAVAL 2027 - Ticket Rio - Billets Carnaval Rio, Karneval Rio de Janeiro Tickets, Tickets for Rio Carnival Sambadrome, Boletos Carnaval Rio, Entradas Carnaval Rio Samb\u00f3dromo\" \/>\n<meta property=\"og:description\" content=\"rio carnival sambadrome tickets. Rio Carnaval Samb\u00f3dromo 2018. Rio Carnaval Entradas Samb\u00f3dromo. Rio Parade Tickets. Rio Carnaval billets. Rio karneval tickets. Rio carnavales biglietti.\" \/>\n<meta property=\"og:url\" content=\"https:\/\/www.ticketrio.com.br\/site\/ingressos-carnaval-sambodromo-rj\/ordem-do-desfile-sambodromo-rio\/\" \/>\n<meta property=\"og:site_name\" content=\"Ticket Rio - Billets Carnaval Rio, Karneval Rio de Janeiro Tickets, Tickets for Rio Carnival Sambadrome, Boletos Carnaval Rio, Entradas Carnaval Rio Samb\u00f3dromo\" \/>\n<meta property=\"article:modified_time\" content=\"2026-04-28T17:03:09+00:00\" \/>\n<meta property=\"og:image\" content=\"https:\/\/riocarnaval-ticketrio.com\/\/wp-content\/uploads\/2017\/11\/BuyHere-150x150.jpg\" \/>\n<meta name=\"twitter:card\" content=\"summary_large_image\" \/>\n<meta name=\"twitter:label1\" content=\"Est. tempo de leitura\" \/>\n\t<meta name=\"twitter:data1\" content=\"2 minutos\" \/>\n<script type=\"application\/ld+json\" class=\"yoast-schema-graph\">{\"@context\":\"https:\/\/schema.org\",\"@graph\":[{\"@type\":\"WebPage\",\"@id\":\"https:\/\/www.ticketrio.com.br\/site\/ingressos-carnaval-sambodromo-rj\/ordem-do-desfile-sambodromo-rio\/\",\"url\":\"https:\/\/www.ticketrio.com.br\/site\/ingressos-carnaval-sambodromo-rj\/ordem-do-desfile-sambodromo-rio\/\",\"name\":\"Ordem dos Desfiles CARNAVAL 2027 - Ticket Rio - Billets Carnaval Rio, Karneval Rio de Janeiro Tickets, Tickets for Rio Carnival Sambadrome, Boletos Carnaval Rio, Entradas Carnaval Rio Samb\u00f3dromo\",\"isPartOf\":{\"@id\":\"https:\/\/www.ticketrio.com.br\/site\/#website\"},\"primaryImageOfPage\":{\"@id\":\"https:\/\/www.ticketrio.com.br\/site\/ingressos-carnaval-sambodromo-rj\/ordem-do-desfile-sambodromo-rio\/#primaryimage\"},\"image\":{\"@id\":\"https:\/\/www.ticketrio.com.br\/site\/ingressos-carnaval-sambodromo-rj\/ordem-do-desfile-sambodromo-rio\/#primaryimage\"},\"thumbnailUrl\":\"https:\/\/riocarnaval-ticketrio.com\/\/wp-content\/uploads\/2017\/11\/BuyHere-150x150.jpg\",\"datePublished\":\"2013-08-29T16:36:07+00:00\",\"dateModified\":\"2026-04-28T17:03:09+00:00\",\"description\":\"rio carnival sambadrome tickets. Rio Carnaval Samb\u00f3dromo 2018. Rio Carnaval Entradas Samb\u00f3dromo. Rio Parade Tickets. Rio Carnaval billets. Rio karneval tickets. Rio carnavales biglietti.\",\"breadcrumb\":{\"@id\":\"https:\/\/www.ticketrio.com.br\/site\/ingressos-carnaval-sambodromo-rj\/ordem-do-desfile-sambodromo-rio\/#breadcrumb\"},\"inLanguage\":\"pt-BR\",\"potentialAction\":[{\"@type\":\"ReadAction\",\"target\":[\"https:\/\/www.ticketrio.com.br\/site\/ingressos-carnaval-sambodromo-rj\/ordem-do-desfile-sambodromo-rio\/\"]}]},{\"@type\":\"ImageObject\",\"inLanguage\":\"pt-BR\",\"@id\":\"https:\/\/www.ticketrio.com.br\/site\/ingressos-carnaval-sambodromo-rj\/ordem-do-desfile-sambodromo-rio\/#primaryimage\",\"url\":\"https:\/\/riocarnaval-ticketrio.com\/\/wp-content\/uploads\/2017\/11\/BuyHere-150x150.jpg\",\"contentUrl\":\"https:\/\/riocarnaval-ticketrio.com\/\/wp-content\/uploads\/2017\/11\/BuyHere-150x150.jpg\"},{\"@type\":\"BreadcrumbList\",\"@id\":\"https:\/\/www.ticketrio.com.br\/site\/ingressos-carnaval-sambodromo-rj\/ordem-do-desfile-sambodromo-rio\/#breadcrumb\",\"itemListElement\":[{\"@type\":\"ListItem\",\"position\":1,\"name\":\"In\u00edcio\",\"item\":\"https:\/\/www.ticketrio.com.br\/site\/\"},{\"@type\":\"ListItem\",\"position\":2,\"name\":\"Sambodromo\",\"item\":\"https:\/\/www.ticketrio.com.br\/site\/ingressos-carnaval-sambodromo-rj\/\"},{\"@type\":\"ListItem\",\"position\":3,\"name\":\"Ordem dos Desfiles CARNAVAL 2027\"}]},{\"@type\":\"WebSite\",\"@id\":\"https:\/\/www.ticketrio.com.br\/site\/#website\",\"url\":\"https:\/\/www.ticketrio.com.br\/site\/\",\"name\":\"Ticket Rio - Billets Carnaval Rio, Karneval Rio de Janeiro Tickets, Tickets for Rio Carnival Sambadrome, Boletos Carnaval Rio, Entradas Carnaval Rio Samb\u00f3dromo\",\"description\":\"Billets Carnaval Rio, Karneval Rio de Janeiro Tickets, Tickets for Rio Carnival Sambadrome, Boletos Carnaval Rio, Entradas Carnaval Rio Samb\u00f3dromo\",\"potentialAction\":[{\"@type\":\"SearchAction\",\"target\":{\"@type\":\"EntryPoint\",\"urlTemplate\":\"https:\/\/www.ticketrio.com.br\/site\/?s={search_term_string}\"},\"query-input\":{\"@type\":\"PropertyValueSpecification\",\"valueRequired\":true,\"valueName\":\"search_term_string\"}}],\"inLanguage\":\"pt-BR\"}]}<\/script>\n<!-- \/ Yoast SEO plugin. -->","yoast_head_json":{"title":"Ordem dos Desfiles CARNAVAL 2027 - Ticket Rio - Billets Carnaval Rio, Karneval Rio de Janeiro Tickets, Tickets for Rio Carnival Sambadrome, Boletos Carnaval Rio, Entradas Carnaval Rio Samb\u00f3dromo","description":"rio carnival sambadrome tickets. Rio Carnaval Samb\u00f3dromo 2018. Rio Carnaval Entradas Samb\u00f3dromo. Rio Parade Tickets. Rio Carnaval billets. Rio karneval tickets. Rio carnavales biglietti.","robots":{"index":"index","follow":"follow","max-snippet":"max-snippet:-1","max-image-preview":"max-image-preview:large","max-video-preview":"max-video-preview:-1"},"canonical":"https:\/\/www.ticketrio.com.br\/site\/ingressos-carnaval-sambodromo-rj\/ordem-do-desfile-sambodromo-rio\/","og_locale":"pt_BR","og_type":"article","og_title":"Ordem dos Desfiles CARNAVAL 2027 - Ticket Rio - Billets Carnaval Rio, Karneval Rio de Janeiro Tickets, Tickets for Rio Carnival Sambadrome, Boletos Carnaval Rio, Entradas Carnaval Rio Samb\u00f3dromo","og_description":"rio carnival sambadrome tickets. Rio Carnaval Samb\u00f3dromo 2018. Rio Carnaval Entradas Samb\u00f3dromo. Rio Parade Tickets. Rio Carnaval billets. Rio karneval tickets. Rio carnavales biglietti.","og_url":"https:\/\/www.ticketrio.com.br\/site\/ingressos-carnaval-sambodromo-rj\/ordem-do-desfile-sambodromo-rio\/","og_site_name":"Ticket Rio - Billets Carnaval Rio, Karneval Rio de Janeiro Tickets, Tickets for Rio Carnival Sambadrome, Boletos Carnaval Rio, Entradas Carnaval Rio Samb\u00f3dromo","article_modified_time":"2026-04-28T17:03:09+00:00","og_image":[{"url":"https:\/\/riocarnaval-ticketrio.com\/\/wp-content\/uploads\/2017\/11\/BuyHere-150x150.jpg","type":"","width":"","height":""}],"twitter_card":"summary_large_image","twitter_misc":{"Est. tempo de leitura":"2 minutos"},"schema":{"@context":"https:\/\/schema.org","@graph":[{"@type":"WebPage","@id":"https:\/\/www.ticketrio.com.br\/site\/ingressos-carnaval-sambodromo-rj\/ordem-do-desfile-sambodromo-rio\/","url":"https:\/\/www.ticketrio.com.br\/site\/ingressos-carnaval-sambodromo-rj\/ordem-do-desfile-sambodromo-rio\/","name":"Ordem dos Desfiles CARNAVAL 2027 - Ticket Rio - Billets Carnaval Rio, Karneval Rio de Janeiro Tickets, Tickets for Rio Carnival Sambadrome, Boletos Carnaval Rio, Entradas Carnaval Rio Samb\u00f3dromo","isPartOf":{"@id":"https:\/\/www.ticketrio.com.br\/site\/#website"},"primaryImageOfPage":{"@id":"https:\/\/www.ticketrio.com.br\/site\/ingressos-carnaval-sambodromo-rj\/ordem-do-desfile-sambodromo-rio\/#primaryimage"},"image":{"@id":"https:\/\/www.ticketrio.com.br\/site\/ingressos-carnaval-sambodromo-rj\/ordem-do-desfile-sambodromo-rio\/#primaryimage"},"thumbnailUrl":"https:\/\/riocarnaval-ticketrio.com\/\/wp-content\/uploads\/2017\/11\/BuyHere-150x150.jpg","datePublished":"2013-08-29T16:36:07+00:00","dateModified":"2026-04-28T17:03:09+00:00","description":"rio carnival sambadrome tickets. Rio Carnaval Samb\u00f3dromo 2018. Rio Carnaval Entradas Samb\u00f3dromo. Rio Parade Tickets. Rio Carnaval billets. Rio karneval tickets. Rio carnavales biglietti.","breadcrumb":{"@id":"https:\/\/www.ticketrio.com.br\/site\/ingressos-carnaval-sambodromo-rj\/ordem-do-desfile-sambodromo-rio\/#breadcrumb"},"inLanguage":"pt-BR","potentialAction":[{"@type":"ReadAction","target":["https:\/\/www.ticketrio.com.br\/site\/ingressos-carnaval-sambodromo-rj\/ordem-do-desfile-sambodromo-rio\/"]}]},{"@type":"ImageObject","inLanguage":"pt-BR","@id":"https:\/\/www.ticketrio.com.br\/site\/ingressos-carnaval-sambodromo-rj\/ordem-do-desfile-sambodromo-rio\/#primaryimage","url":"https:\/\/riocarnaval-ticketrio.com\/\/wp-content\/uploads\/2017\/11\/BuyHere-150x150.jpg","contentUrl":"https:\/\/riocarnaval-ticketrio.com\/\/wp-content\/uploads\/2017\/11\/BuyHere-150x150.jpg"},{"@type":"BreadcrumbList","@id":"https:\/\/www.ticketrio.com.br\/site\/ingressos-carnaval-sambodromo-rj\/ordem-do-desfile-sambodromo-rio\/#breadcrumb","itemListElement":[{"@type":"ListItem","position":1,"name":"In\u00edcio","item":"https:\/\/www.ticketrio.com.br\/site\/"},{"@type":"ListItem","position":2,"name":"Sambodromo","item":"https:\/\/www.ticketrio.com.br\/site\/ingressos-carnaval-sambodromo-rj\/"},{"@type":"ListItem","position":3,"name":"Ordem dos Desfiles CARNAVAL 2027"}]},{"@type":"WebSite","@id":"https:\/\/www.ticketrio.com.br\/site\/#website","url":"https:\/\/www.ticketrio.com.br\/site\/","name":"Ticket Rio - Billets Carnaval Rio, Karneval Rio de Janeiro Tickets, Tickets for Rio Carnival Sambadrome, Boletos Carnaval Rio, Entradas Carnaval Rio Samb\u00f3dromo","description":"Billets Carnaval Rio, Karneval Rio de Janeiro Tickets, Tickets for Rio Carnival Sambadrome, Boletos Carnaval Rio, Entradas Carnaval Rio Samb\u00f3dromo","potentialAction":[{"@type":"SearchAction","target":{"@type":"EntryPoint","urlTemplate":"https:\/\/www.ticketrio.com.br\/site\/?s={search_term_string}"},"query-input":{"@type":"PropertyValueSpecification","valueRequired":true,"valueName":"search_term_string"}}],"inLanguage":"pt-BR"}]}},"_links":{"self":[{"href":"https:\/\/www.ticketrio.com.br\/site\/wp-json\/wp\/v2\/pages\/715","targetHints":{"allow":["GET"]}}],"collection":[{"href":"https:\/\/www.ticketrio.com.br\/site\/wp-json\/wp\/v2\/pages"}],"about":[{"href":"https:\/\/www.ticketrio.com.br\/site\/wp-json\/wp\/v2\/types\/page"}],"author":[{"embeddable":true,"href":"https:\/\/www.ticketrio.com.br\/site\/wp-json\/wp\/v2\/users\/1"}],"replies":[{"embeddable":true,"href":"https:\/\/www.ticketrio.com.br\/site\/wp-json\/wp\/v2\/comments?post=715"}],"version-history":[{"count":52,"href":"https:\/\/www.ticketrio.com.br\/site\/wp-json\/wp\/v2\/pages\/715\/revisions"}],"predecessor-version":[{"id":2722,"href":"https:\/\/www.ticketrio.com.br\/site\/wp-json\/wp\/v2\/pages\/715\/revisions\/2722"}],"up":[{"embeddable":true,"href":"https:\/\/www.ticketrio.com.br\/site\/wp-json\/wp\/v2\/pages\/147"}],"wp:attachment":[{"href":"https:\/\/www.ticketrio.com.br\/site\/wp-json\/wp\/v2\/media?parent=715"}],"curies":[{"name":"wp","href":"https:\/\/api.w.org\/{rel}","templated":true}]}}